{"id":66,"date":"2017-07-04T17:10:10","date_gmt":"2017-07-04T17:10:10","guid":{"rendered":"http:\/\/cetaguaecuador.com\/web\/web\/web\/?page_id=66"},"modified":"2021-09-13T14:59:29","modified_gmt":"2021-09-13T14:59:29","slug":"cetagua","status":"publish","type":"page","link":"https:\/\/cetaguaecuador.com\/web\/cetagua\/","title":{"rendered":"CETAGUA"},"content":{"rendered":"<div class=\"wpb-content-wrapper\"><p>[vc_row css=&#8221;.vc_custom_1499206126840{margin-top: 10px !important;background-color: #d3d3d3 !important;}&#8221;][vc_column width=&#8221;1\/4&#8243; css=&#8221;.vc_custom_1499188279227{background-color: #d3d3d3 !important;}&#8221;][vc_single_image image=&#8221;484&#8243; img_size=&#8221;full&#8221;][\/vc_column][vc_column width=&#8221;1\/2&#8243; css=&#8221;.vc_custom_1499196908209{background-color: #d3d3d3 !important;}&#8221;][vc_wp_text]<\/p>\n<h1>CETAGUA<\/h1>\n<p><strong>CETAGUA S.A.<\/strong> es una\u00a0empresa ecuatoriana constituida el 11 de septiembre de 1998, que se dedica a la prestaci\u00f3n de servicios en el Sector Petrolero y en la Industria en general, en lo referente a:<\/p>\n<ul>\n<li>control de s\u00f3lidos<\/li>\n<li>generaci\u00f3n de energ\u00eda<\/li>\n<li>dise\u00f1o y construcci\u00f3n de equipos<\/li>\n<li>log\u00edstica y transporte<\/li>\n<li>alquiler de equipos<\/li>\n<li>venta de partes y repuestos<\/li>\n<li>alquiler de bodegas<\/li>\n<\/ul>\n<p>Para el desarrollo de sus actividades la empresa cuenta con un campamento base y el taller principal en la Regi\u00f3n Amaz\u00f3nica provincia de Francisco de Orellana ciudad de El Coca y oficinas administrativas y taller en Quito.[\/vc_wp_text][\/vc_column][vc_column width=&#8221;1\/4&#8243;][vc_single_image image=&#8221;712&#8243; img_size=&#8221;full&#8221;][\/vc_column][\/vc_row][vc_row css=&#8221;.vc_custom_1499206147329{margin-top: 10px !important;border-top-width: 0px !important;padding-top: 0px !important;background-color: #d3d3d3 !important;}&#8221;][vc_column width=&#8221;1\/4&#8243; css=&#8221;.vc_custom_1499197144648{background-color: #d3d3d3 !important;}&#8221;][vc_single_image image=&#8221;484&#8243; img_size=&#8221;full&#8221;][\/vc_column][vc_column width=&#8221;1\/2&#8243; css=&#8221;.vc_custom_1499197472257{background-color: #d3d3d3 !important;}&#8221;][vc_wp_text]<\/p>\n<h1>Pol\u00edtica integrada<\/h1>\n<div class=\"paragraph\">\n<div class=\"paragraph\">CETAGUA S.A. es una empresa de servicios petroleros integrados, que est\u00e1 comprometida con la calidad de sus operaciones, el respeto al medio ambiente, la seguridad y salud de sus colaboradores y partes interesadas, para conseguir la mejora continua de sus procesos, a trav\u00e9s de:<\/div>\n<div class=\"paragraph\">\n<ul>\n<li>La aplicaci\u00f3n y actualizaci\u00f3n en el cumplimiento de las normativas legales vigentes y otros requisitos que la organizaci\u00f3n considere respecto al ambiente, seguridad y salud.<\/li>\n<li>Implantar medidas de prevenci\u00f3n y control, encaminadas a disminuir el impacto ambiental y los riesgos derivados de nuestra actividad.<\/li>\n<li>Concientizaci\u00f3n de aspectos e impactos ambientales, peligros y riesgos asociados a las actividades.<\/li>\n<\/ul>\n<p>&nbsp;<\/p>\n<\/div>\n<\/div>\n<p>[\/vc_wp_text][\/vc_column][vc_column width=&#8221;1\/4&#8243;][vc_single_image image=&#8221;883&#8243; img_size=&#8221;full&#8221; alignment=&#8221;center&#8221;][\/vc_column][\/vc_row][vc_row css=&#8221;.vc_custom_1499206147329{margin-top: 10px !important;border-top-width: 0px !important;padding-top: 0px !important;background-color: #d3d3d3 !important;}&#8221;][vc_column width=&#8221;1\/4&#8243; css=&#8221;.vc_custom_1499197144648{background-color: #d3d3d3 !important;}&#8221;][vc_single_image image=&#8221;484&#8243; img_size=&#8221;full&#8221;][\/vc_column][vc_column width=&#8221;1\/2&#8243; css=&#8221;.vc_custom_1499197472257{background-color: #d3d3d3 !important;}&#8221;][vc_wp_text]<\/p>\n<h1>Infraestructura<\/h1>\n<div class=\"paragraph\">\n<div class=\"paragraph\">\n<p><strong>Oficinas y Taller en Quito<\/strong><\/p>\n<p>Cetagua tiene una s\u00f3lida estructura administrativa y operacional lo que le permite atender los requerimientos de sus clientes en las diferentes \u00e1reas de trabajo. Sus oficinas estrat\u00e9gicamente ubicadas en el norte de Quito y su taller en la Panamericana Norte hacen posible que toda la log\u00edstica sea coordinada de una manera apropiada permitiendo la movilizaci\u00f3n de todo tipo de maquinaria y\u00a0materiales.<\/p>\n<p><strong>Base y talleres en El Coca<\/strong><\/p>\n<p>Nuestra base ubicada en la ciudad del Coca dispone de un \u00e1rea total de 4 hect\u00e1reas, distribuidas en oficina administrativa, galpones bodegas, talleres y viviendas para el personal de turno.<\/p>\n<\/div>\n<div class=\"paragraph\"><\/div>\n<\/div>\n<p>[\/vc_wp_text][\/vc_column][vc_column width=&#8221;1\/4&#8243;][vc_single_image image=&#8221;711&#8243; img_size=&#8221;full&#8221; alignment=&#8221;center&#8221;][\/vc_column][\/vc_row][vc_row css=&#8221;.vc_custom_1499205615916{margin-top: 10px !important;background-color: #d3d3d3 !important;}&#8221;][vc_column width=&#8221;1\/4&#8243; css=&#8221;.vc_custom_1499200021690{background-color: #d3d3d3 !important;}&#8221;][vc_single_image image=&#8221;484&#8243; img_size=&#8221;full&#8221;][\/vc_column][vc_column width=&#8221;3\/4&#8243;][vc_wp_text]<\/p>\n<h1>Clientes<\/h1>\n<p>[\/vc_wp_text][vc_media_grid element_width=&#8221;2&#8243; gap=&#8221;35&#8243; grid_id=&#8221;vc_gid:1631544238564-1de0721a-a72a-5&#8243; include=&#8221;145,143,144,142,140,141,139,138,137,136,135,133,134,131,132,130,129,128,127&#8243;][\/vc_column][\/vc_row]<\/p>\n<\/div>","protected":false},"excerpt":{"rendered":"<p>[vc_row css=&#8221;.vc_custom_1499206126840{margin-top: 10px !important;background-color: #d3d3d3 !important;}&#8221;][vc_column width=&#8221;1\/4&#8243; css=&#8221;.vc_custom_1499188279227{background-color: #d3d3d3 !important;}&#8221;][vc_single_image image=&#8221;484&#8243; img_size=&#8221;full&#8221;][\/vc_column][vc_column width=&#8221;1\/2&#8243; css=&#8221;.vc_custom_1499196908209{background-color: #d3d3d3 !important;}&#8221;][vc_wp_text] CETAGUA CETAGUA S.A. es una\u00a0empresa ecuatoriana constituida el 11 de<span class=\"excerpt-hellip\"> [\u2026]<\/span><\/p>\n","protected":false},"author":1,"featured_media":0,"parent":0,"menu_order":0,"comment_status":"closed","ping_status":"closed","template":"","meta":{"footnotes":""},"class_list":["post-66","page","type-page","status-publish","hentry"],"_links":{"self":[{"href":"https:\/\/cetaguaecuador.com\/web\/wp-json\/wp\/v2\/pages\/66","targetHints":{"allow":["GET"]}}],"collection":[{"href":"https:\/\/cetaguaecuador.com\/web\/wp-json\/wp\/v2\/pages"}],"about":[{"href":"https:\/\/cetaguaecuador.com\/web\/wp-json\/wp\/v2\/types\/page"}],"author":[{"embeddable":true,"href":"https:\/\/cetaguaecuador.com\/web\/wp-json\/wp\/v2\/users\/1"}],"replies":[{"embeddable":true,"href":"https:\/\/cetaguaecuador.com\/web\/wp-json\/wp\/v2\/comments?post=66"}],"version-history":[{"count":68,"href":"https:\/\/cetaguaecuador.com\/web\/wp-json\/wp\/v2\/pages\/66\/revisions"}],"predecessor-version":[{"id":884,"href":"https:\/\/cetaguaecuador.com\/web\/wp-json\/wp\/v2\/pages\/66\/revisions\/884"}],"wp:attachment":[{"href":"https:\/\/cetaguaecuador.com\/web\/wp-json\/wp\/v2\/media?parent=66"}],"curies":[{"name":"wp","href":"https:\/\/api.w.org\/{rel}","templated":true}]}}